ainder when 67 is divided by o?
29
What is the remainder when 530 is divided by 7 + (-2 + 2)/(11/11)?
5
Let b be (2/3)/(3/18). Suppose -2*m - a + 32 + 53 = 0, -4 = b*a. What is the remainder when 81 is divided by m?
38
Suppose 193*c + 28 = 200*c. Suppose -c*u = 3*z + 2, -10*u + 13*u - 15 = -5*z. Calculate the remainder when 38 is divided by z.
2
Calculate the remainder when (-23)/((-345)/(-36))*75/(-4) is divided by 38/6 + 2/(-6).
3
Suppose 0 = 26*m - 177*m + 7550. Calculate the remainder when 1641 is divided by m.
41
Suppose -732*d + 638 = -674*d. What is the remainder when 590 is divided by d?
7
Suppose -8*i + 90 = -2*i. Suppose -r + 30 = i. What is the remainder when 28 is divided by r?
13
Suppose -329*g + 1390 = -190*g. Let d = -37 - -62. Calculate the remainder when d is divided by g.
5
Let m(c) = -113*c**2 - 1088*c - 20. What is the remainder when m(-9) is divided by 36?
7
Let j be 57/38*262/3. Suppose j = 15*g - 199. Suppose -28*y = -30*y + g. What is the remainder when 26 is divided by y?
4
Let l = 6213 - 6194. Calculate the remainder when 79 is divided by l.
3
Suppose -4*l + 24*j = 25*j - 167, l - 4*j - 63 = 0. What is the remainder when 1590 is divided by l?
42
Let s(p) = p**3 + 4*p**2 - 2*p + 14. Suppose -2*q - 3*y = -22, -3*q - 14*y + 16*y = -20. Calculate the remainder when s(-4) is divided by q.
6
Suppose -1523 = 2*z - 1953. What is the remainder when 283 is divided by z?
68
Let r(d) = 45*d**2 - 30*d + 104. Calculate the remainder when r(3) is divided by 138.
5
Suppose -39*w = -52*w + 65. Let v(n) = n**2 - 3*n - 6. Let j be v(5). Suppose -j*m + 54 = w*m. What is the remainder when 17 is divided by m?
5
Let o = 129 + -41. Let l be (8/20)/(2/30). What is the remainder when o is divided by (-224)/(-21) + (-4)/l?
8
Let m(x) = -109*x + 1. Let n be m(-1). Suppose -12*d = -17*d + n. Suppose -24*c + 28 = -d*c. Calculate the remainder when 35 is divided by c.
7
Let g be 480*(20/(-6) - -4) - 1. Suppose -9*m = -g - 140. Suppose a - n - 33 = -2*n, -3*a + 79 = -n. Calculate the remainder when m is divided by a.
23
Let r = 78 + -319. Let h = r + 282. What is the remainder when h is divided by 11?
8
Suppose -17*h + 13*h + 12 = 0. Suppose 0*m - 5*m + h*k = -88, 5*m - 86 = k. Suppose m = -3*t + 38. Calculate the remainder when 11 is divided by t.
4
Suppose -317 = -2*g - 5*m, -784 = -8*g + 3*g - 4*m. Calculate the remainder when 460 is divided by g.
148
Suppose 0 = -5*h - 5*t + 1460, -4*h = 3*t + 1577 - 2749. Calculate the remainder when h is divided by 79.
59
Let k = -719 + 818. What is the remainder when 4650 is divided by k?
96
What is the remainder when 332 is divided by ((1440/(-70))/(-3))/(4/42)?
44
Suppose 72*j = 1353 + 7791. What is the remainder when 390 is divided by j?
9
Let n = -6 + 9. Suppose p = -4*i - 11 - n, -4*i = 16. Suppose -4*v - 29 = -4*d - 121, -p*d = -v + 28. Calculate the remainder when 106 is divided by v.
16
Let s(y) = y**2 - 36*y - 300. Suppose -24 + 21 = -3*j. Calculate the remainder when s(-7) is divided by j.
0
Suppose 3*v - 6*v = -39. Suppose -14*d + 1392 = -19*d + 29*d. What is the remainder when d is divided by v?
6
Suppose b = -2*i + 4, -4*i - 17 = -4*b - 37. What is the remainder when b/(-5) + 7*7112/490 is divided by 12?
6
Let x(q) = -77*q - 1230. What is the remainder when 325 is divided by x(-18)?
13
Suppose -83*a + 96*a = 832. Suppose -8 = -5*c + 7. Suppose -3*v - k + 72 = 0, -c*v - 45 + 123 = 3*k. Calculate the remainder when a is divided by v.
18
Suppose 0 = d + 3*d + 2905 - 4241. Calculate the remainder when d is divided by 28.
26
Suppose u + 4*h - 5*h - 116 = 0, 3*u + 2*h - 338 = 0. Calculate the remainder when u is divided by 109.
5
Let b(v) be the second derivative of 44*v**3/3 - 31*v**2/2 + 65*v. What is the remainder when b(2) is divided by 25?
20
Let d be (2/(-1))/((-1)/5). Suppose 13*i - d*i = 69. Suppose 4*s + 204 = 21*s. Calculate the remainder when i is divided by s.
11
Let y = 67 - -29. Suppose -4*f - f + 90 = 5*v, -3*v = -6*f + 126. Calculate the remainder when y is divided by f.
16
Let p = 28 - 13. Suppose 854*v - 855*v = -1. Let l(m) = 24*m**2 - 4*m + 4. Calculate the remainder when l(v) is divided by p.
9
Let g(l) = 2*l - 3. Suppose 12*t = -4*t + 528. What is the remainder when t is divided by g(5)?
5
Suppose -4*t - 483 = 713. Let f(c) = 7*c + 5. Calculate the remainder when (-2024)/(-26) - 2 - 46/t is divided by f(5).
36
Suppose -2581 = -21*g - 754. What is the remainder when 268*(-3 + 4) - 3 is divided by g?
4
Let c(s) = -2*s**3 - 27*s**2 - 168*s - 2010. Calculate the remainder when 7327 is divided by c(-13).
2
Let l be (-2)/(2*(-2)/(-8)). Let o(p) = p**2 - 5*p + 9. What is the remainder when (322/21)/(l/(-6)) is divided by o(5)?
5
Suppose f = 3*i - 12, 2*f - 19 + 13 = -4*i. What is the remainder when 42 is divided by i?
0
Suppose 17*q - 497 = 21*q - 2961. What is the remainder when q is divided by 67?
13
Let r = 71 - 74. Calculate the remainder when 15/(3/(0 - r)) is divided by 3.
0
Suppose 5*q + 395 = 2*j, 3*j = -17*q + 18*q + 612. What is the remainder when j is divided by 157?
48
Let r = 104 + -61. Suppose 4*u + 4*g - 236 = -0*u, 3*g + r = u. Suppose -3*s + 42 = 4*d, -3*s + d = 2*s - 70. Calculate the remainder when u is divided by s.
13
Let h = -411 + 444. Suppose x - 3*o + 62 = -5*o, 0 = -3*x + 2*o - 194. Let a = 76 + x. What is the remainder when h is divided by a?
9
Suppose 0 = 67*j - 695 - 846. Calculate the remainder when 618 is divided by j.
20
Suppose 2*c - 120 = 2*b, -c - 11*b + 7*b + 70 = 0. What is the remainder when c is divided by 49?
13
Let v be (-14)/(-4)*-6*-1. Let k(c) = 112*c - 2013. Let s be k(18). Suppose s*h = 4*h - v. What is the remainder when 76 is divided by h?
13
Let l = 23957 + -23405. What is the remainder when l is divided by 123?
60
Suppose -16*x - 5*w + 770 = -11*x, 2*w + 652 = 4*x. Suppose -3*l = -0*l - 99. Calculate the remainder when x is divided by l.
28
Let x be (1 - (-13029)/(-27)) + (-56)/126. Let m = 537 + x. What is the remainder when m is divided by 44?
11
Suppose -2198*q = -2197*q - 64. Let z(p) = 41*p**2 + p + 3. Calculate the remainder when z(-5) is divided by q.
63
Let b(z) = -45*z**2 - 155*z - 16. What is the remainder when 1582 is divided by b(-3)?
42
Let v = 18 + -11. Let c(l) = -l**3 + 59*l**2 - 96*l - 995. Calculate the remainder when c(57) is divided by v.
3
Let f be 1/2*(3 + 3) + -125. Let w = 330 + f. Let c = -115 - -168. Calculate the remainder when w is divided by c.
49
Let x = -104 + -85. Let n = 18 - x. What is the remainder when n is divided by 2?
1
What is the remainder when 900 + -3 + (-456)/152 is divided by 50?
44
Let t be 2/7 - 564/14. Suppose -4*d + 216 = 2*b, 2*d - b = 137 - 21. Let w = t + d. What is the remainder when w is divided by 4?
0
Let r(f) = -3*f - 20. Let x be (-49)/(-7)*(-24)/14 - 3. Calculate the remainder when 68 is divided by r(x).
18
Let m be (42/6 - 4)*1. Suppose c + m = 34. What is the remainder when c is divided by 19?
12
What is the remainder when 7/63*-453*-6 is divided by 15?
2
Suppose -116*t + 18810 = -14*t + 69*t. Calculate the remainder when t is divided by 5.
0
Suppose 1472 = y - 3*y. Let t = y + 958. Calculate the remainder when t is divided by 15.
12
Let d(c) = -c**3 - 9*c**2 + 8*c - 9. Let x be d(-10). Suppose -x*b + 10*b + 4*j = -3, -2*j = -b + 5. Calculate the remainder when 33 is divided by b.
5
Suppose -47*h + 38 = -46*h + 2*f, -222 = -5*h - 2*f. What is the remainder when h is divided by (-8)/36 + (-454)/(-18)?
21
Let m(k) = k**2 - 64*k + 889. What is the remainder when 4768 is divided by m(44)?
7
What is the remainder when 32/64*16696/(-14)*(-8 - -1) is divided by 18?
16
Let o = -143 + 129. Let i(a) = -2*a**3 - 28*a**2 - 5*a - 33. What is the remainder when i(o) is divided by 11?
4
Suppose 85*k = -7*k + 374 + 454. Calculate the remainder when 12239 is divided by k.
8
Let k(l) = l**3 + 6*l**2 - 6. Let q(f) = -5*f + 30. Let r be q(5). Suppose -6*g - r*g - 33 = 0. What is the remainder when 32 is divided by k(g)?
11
Let r be (3 + 3)/6 + (3 - -24). Calculate the remainder when 47 is divided by r - (2 - (-3)/6*4).
23
Suppose -f + 4*x + 18 = 17, -4 = -4*f + x. Calculate the remainder when (f - (-105)/9)*(-11 - -20) is divided by 23.
22
What is the remainder when 481 - 169 - -4*1 is divide